o) = o**3 - 10*o**2 + o - 8. Let b be w(10). Suppose b*f + 0*f - 2 = 0. Let y(u) = -4*u**2 - u. Calculate y(f).
-5
Let t(z) = z**2 + 4*z - 2. Suppose 0 = 10*g - 5*g + 20. Determine t(g).
-2
Suppose -3*p + 5*u - 2 = 8, 4*p - u - 15 = 0. Suppose 0 = -2*o - q - 9, -2*q + 3*q = -p*o - 18. Let v(h) = -h**3 - h**2 + 4*h + 3. What is v(o)?
9
Suppose 5*z - 3*o - 5 = -4*o, 5*o - 25 = z. Suppose z + 5 = w. Let h(f) = -f**3 + 6*f**2 - 5*f - 7. What is h(w)?
-7
Let h(f) = -f - 2. Let l(v) = -7*v + 44. Let r be l(7). Give h(r).
3
Let o(z) = z. Let j be -2 - (-2 - -1 - -1). Let y = j - 4. Let n = 3 + y. Determine o(n).
-3
Let w(j) = -j**2 + 7*j - 6. Let l = -19 - -25. Calculate w(l).
0
Let z(v) = v**2 + 4*v + 1. Let y be z(-2). Let t(f) = 5*f**3 - 3*f**2 - 8. Let j(d) = -4*d**3 + 3*d**2 + 7. Let i(l) = 6*j(l) + 5*t(l). What is i(y)?
2
Let b(z) be the second derivative of z**3/3 - z. Let j = 6 - 10. Let g = -7 - j. Give b(g).
-6
Let h(u) be the third derivative of -u**4/24 - u**3 + u**2. Let q be 0 - 0 - (1 - -1). Let l be -2 - -4*1/q. Calculate h(l).
-2
Let a(x) = -5*x - 3. Let p(s) = -21*s - 13. Suppose 5*z = -15, 3*g + z + z = -12. Let w(q) = g*p(q) + 9*a(q). Give w(-3).
8
Let z(v) = -7*v**2 + 16*v - 10. Let i(s) = 4*s**2 - 8*s + 5. Let u(f) = -5*i(f) - 3*z(f). Calculate u(7).
-2
Let v(l) = 2*l**3 - 1 - 2*l + 16*l**2 - 16*l**2. What is v(-2)?
-13
Let s(p) = -2*p. Let j be 1 + 3*(-28)/12. What is s(j)?
12
Let y(i) be the third derivative of -i**4/24 + 2*i**3/3 + 9*i**2. Give y(0).
4
Suppose -2*b = -2*n + b + 8, 4*n - b = 26. Let q(z) be the first derivative of -z**3/3 + 5*z**2/2 + 9*z + 18. What is q(n)?
-5
Let u be ((-12)/(-16))/((-2)/8). Let i be (1 - 2)*1*u. Let b(d) = d - 6. Give b(i).
-3
Let q(p) = p + 2. Let h(f) = 6*f + 12. Let c(m) = -6*h(m) + 39*q(m). Let w(u) = -u + 3. Let z be w(2). Let l be (-1 - z) + (-2 - 0). Give c(l).
-6
Let i(g) = g**3 + 7*g**2 + 6*g - 4. Suppose -4*v - 4*b - 33 + 5 = 0, 3*v = -2*b - 20. Calculate i(v).
-4
Let u(m) = -7*m - 2. Suppose -3*t + 2*w + 2*w - 26 = 0, 0 = t - 2*w + 12. What is u(t)?
12
Let q(u) = 2*u + 7. Suppose 5*w = 5 + 15. Suppose v + 3 = w. Let n be -4 - ((4 - v) + -2). What is q(n)?
-3
Let l(y) = 7*y**2 - 2*y. Let s = -78 + 80. Calculate l(s).
24
Let g(v) = 7*v**3 + 1 - 2*v**3 - 2. Let b(l) = -5*l + 16. Let h be b(3). Give g(h).
4
Let b(z) = -7*z + 7. Let j(k) = k - 1. Let t(n) = b(n) + 6*j(n). Calculate t(2).
-1
Let u(k) = -k**2 + k - 1. Let p(h) = -4*h**2 - 2*h - 6. Let x(c) = p(c) - 2*u(c). Give x(-3).
-10
Let w(y) = -2*y**2 - 2*y - 4. Suppose 0*i - 3*i - 19 = 2*v, 4*v = -2*i - 26. Calculate w(i).
-16
Let z(q) = 4 + q - q**3 - 9 - 6*q**2 - q**2. What is z(-7)?
-12
Let g(b) be the third derivative of b**6/60 - b**5/60 + b**4/24 + 18*b**2. Give g(2).
14
Let p(w) be the third derivative of w**4/24 - w**3/2 - 10*w**2. Determine p(2).
-1
Suppose -3*i = -4*o - 27, -i + 5 + 4 = -5*o. Let n(b) = 3*b**2 + 3*b + 2 + 8*b**3 - i*b**3 + 2. Determine n(4).
0
Let g be (-2)/6 + 11/(-3). Let m(c) = 2*c + 5. Let t be m(g). Let d(y) = -y**3 - 4*y**2 - 2*y + 2. Determine d(t).
-1
Suppose q - 5*c - 16 = 0, 4*q - 5*q = 4*c + 2. Let f(h) = -h**2 + 7*h - 8. What is f(q)?
-2
Let d = -13 - -18. Let k(y) = -y**2 + 8*y - 3. Let b(h) = -2*h**2 + 15*h - 6. Let q(s) = -3*b(s) + 5*k(s). Calculate q(d).
3
Let b(t) = t**2 + 3*t + 1. Let n = 94 + -55. Let y be n/4 + 1/4. Suppose y + 2 = -4*j. Determine b(j).
1
Let p(y) = y + 7. Let o(u) = u**2 - 9*u + 8. Let v be o(8). Give p(v).
7
Let v(b) = -b**3 + b**2. Suppose f + 3*g - 8 = 2, -3*g + 5 = -4*f. What is v(f)?
0
Let c(t) be the second derivative of t**5/10 + t**4/12 - t**3/3 - 70*t. Determine c(-2).
-8
Suppose -2*p + 0*p = -2*y - 16, 0 = -2*y - 5*p + 19. Let k(i) = 3*i**2 + i. Let s be k(-1). Let l(q) = 3*q - 23 + 21 - s*q. Calculate l(y).
-5
Suppose -3*s + h = -3*h - 13, 5*s + 5*h - 45 = 0. Let z(j) = s*j**2 - 8*j**2 - 12*j + 10*j + 4. Determine z(-3).
1
Let a(x) = x**3 + 5*x**2 + 2*x - 8. Let j(p) = 2*p**3 + 11*p**2 + 5*p - 16. Let f(n) = 5*a(n) - 3*j(n). Calculate f(-7).
-6
Let j(x) be the first derivative of x**6/360 + x**5/120 - x**4/12 - x**3/3 - 2. Let q(d) be the third derivative of j(d). Calculate q(-3).
4
Suppose -2 = 3*p + 1. Let v = p - -3. Let y(h) = h**3 - 2*h**2 + 2*h + 2. What is y(v)?
6
Let p = 42 + -48. Let n(q) = 2*q - q - 1 + 2. Calculate n(p).
-5
Let b(z) = -1 + 3*z - 7 + 9 + 5. Give b(-5).
-9
Let y(n) = n**2 + 3*n - 3. Suppose 28 = -2*l + 5*c, 4*c - 36 = 6*l - l. What is y(l)?
1
Let g = -3 + 2. Let m(d) = 0 + 9*d + 0. Give m(g).
-9
Let n(u) = -u**2 + u - 1. Let s(c) = -c**2 - 4*c - 2. Let i be s(-3). Give n(i).
-1
Suppose -3*n + 36 = 3*x, -2*n = 5*x - 0*x - 39. Suppose -4*q - n = 13. Let u(v) = 1. Let b(p) = -p - 7. Let l(s) = b(s) - u(s). Determine l(q).
-3
Let v(o) = o**3 - 5*o**2 - 3*o + 4. Let l(a) = a + 1. Let r(w) = -2*l(w) + v(w). Give r(6).
8
Let l(f) = -9*f**2 - 1. Suppose -v + 2*g = 1, -v = -6*v + 5*g - 10. Let a(h) = h**3 + 2*h**2 - 6*h - 8. Let o be a(v). Determine l(o).
-10
Let k(v) be the first derivative of -v**2/2 - 6*v + 2. Let w = 6 - 11. Determine k(w).
-1
Let i(n) = -n**3 + 2*n + 1. Let r(f) = -f - 3. Let l be r(-6). Suppose 0 = 2*y - 2*k + l*k + 1, 4*k + 20 = 0. What is i(y)?
-3
Let c(t) = -2*t + 4. Let x be c(3). Let v(z) = 16 - z**3 - z**3 + z**3 - 17. What is v(x)?
7
Let r(i) = 7*i**2 + 7*i + 3. Let c(k) = -3*k**2 - 3*k - 1. Let q(h) = -5*c(h) - 2*r(h). Let s(y) = -2*y**2 - 7*y - 4. Let m(d) = -3*q(d) - s(d). Determine m(5).
2
Suppose 2*c - 1 - 5 = 0. Let p(d) = d**3 - 3*d**2 + 2*d - 4. Determine p(c).
2
Suppose 0 = -3*y - 0*i + 4*i - 26, -4*y - 20 = 2*i. Let j(o) = -5*o + 2 + 4*o - 6. Calculate j(y).
2
Let p(u) = u + 14. Let f(w) = -w - 13. Let y(n) = -5*f(n) - 4*p(n). What is y(7)?
16
Let u(t) = 7*t**2 - 13*t + 2. Let d(o) = -4*o**2 + 7*o - 1. Let k(y) = 11*d(y) + 6*u(y). Calculate k(-3).
-14
Suppose -3*k - 21 = -0*k. Let h(d) = -d**3 - 7*d**2 + 2*d + 9. Determine h(k).
-5
Let t(m) = -m - 6. Suppose l + 0 = 11. Suppose -l = i - 5. What is t(i)?
0
Let w(t) = -4*t - 7. Suppose 3*g = g - 12. Let k(x) = 3*x + 8. Suppose 0 = -3*h - 0*h - 21. Let i(y) = g*k(y) + h*w(y). Calculate i(-1).
-9
Let z = -62 - -57. Let h(l) = 2*l + 6. Calculate h(z).
-4
Let u(i) = -i**2 - 2*i - 4. Suppose 3*s + 0*r - r = 4, 3*r - 12 = -3*s. Suppose -4*f = -s*f - 8. Suppose -d - 7 = -f. Calculate u(d).
-7
Let f(l) = -7*l - 25. Let t(j) = 4*j + 13. Let k(s) = -3*f(s) - 5*t(s). Determine k(-6).
4
Let k(y) = 9*y**3 - 4*y**2 - 4*y - 5. Let o(v) = -19*v**3 + 9*v**2 + 9*v + 11. Let h(j) = 9*k(j) + 4*o(j). Suppose 0 = -3*w - 2 - 1. Give h(w).
-6
Suppose 1 - 2 = l. Let y(z) = -z + 1. Calculate y(l).
2
Let h(d) = -d**2 + 8*d - 4. Suppose 6*z = 24 - 6. Determine h(z).
11
Let d(w) = w. Suppose u = -0*u. Suppose 4*p + 14 - 6 = u. Let l be 2/((-24)/10 - p). Calculate d(l).
-5
Let v be (-18)/(-4) + 6/12. Let r(d) = -d - 1. Give r(v).
-6
Let r(s) = -5*s**3 - 6*s**2 - 6. Let t(n) = -n**3 - 2*n**2 + 3*n + 4. Let j be t(-3). Let h(a) = a**3 + a**2 + 1. Let w(b) = j*h(b) + r(b). Give w(-2).
-2
Suppose 0 = 2*h - 0*h - 2*b - 8, h - 4*b - 19 = 0. Let j(i) be the first derivative of 9 - 5 - 3 - i**2. Determine j(h).
2
Let j(z) be the first derivative of z**2/2 + 6*z + 3. Calculate j(5).
11
Let b(a) = 2*a**3 + 5 + 104*a - 54*a - 49*a - a**3. Give b(0).
5
Let t(a) be the first derivative of -a**4/4 - 8*a**3/3 + a - 2. Let o be t(-8). Let x(s) = -3*s**2 - 2*s + 1. What is x(o)?
-4
Let i be 1 + -1 + (-28 - -33). Let h(b) = b**2 - 8*b + 2. Determine h(i).
-13
Let a(m) = -m**2 + 8*m - 2. Suppose 2*c - 14 = -3*y, -2*c + 14 = -y + 6*y. Determine a(c).
5
Let n(g) = 2*g**2 - 3*g**3 - 2*g**2 - 6*g**3 - g**2. Let f(r) = 2*r + 1. Let m be f(2). Let x(p) = p**3 - 4*p**2 - 5*p - 1. Let u be x(m). Calculate n(u).
8
Let c(n) be the third derivative of -n**4/12 - 7*n**3/6 + n**2. Let k be (-10)/((-6)/((-6)/2)). Let u(d) = d. Let l be u(k). Give c(l).
3
Let o(z) = z - 10. Let d be ((-1)/2)/(1/4). Let q be -5*(-2)/d + 1. Let m be (10/q)/(5/(-10)). What is o(m)?
-5
Suppose 0*u = 3*u + 9. Let w(a) be the third derivative of -a**5/120 - a**4/8 + a**3/2 + 2*a**2. Let g(t) be the first derivative of w(t). Give g(u).
0
Let o = 1 + -1. Let u(y) be the second derivative of y**6/720 + 3*y**5/40 - y**4/3 - 5*y. Let t(